, what is 1312504 - -2?
1312510
In base 2, what is 10100010110000 - 10110110?
10011111111010
In base 8, what is -402101 - -5?
-402074
In base 11, what is a9 + -81?
28
In base 2, what is 1001110001101110 + -11001?
1001110001010101
In base 14, what is -163223 - 2?
-163225
In base 15, what is -1b + -b6?
-d2
In base 9, what is 14684 - -331?
15125
In base 16, what is -4 + 404e?
404a
In base 16, what is 2 + 125d8?
125da
In base 6, what is -523340 - -4?
-523332
In base 13, what is -2c41 - aa?
-301b
In base 7, what is -211061 - 4?
-211065
In base 6, what is -14 + 45105?
45051
In base 6, what is -1530244 - -3?
-1530241
In base 16, what is -19e - 51?
-1ef
In base 5, what is -1043 - -1021?
-22
In base 15, what is 7aaee - -2?
7ab01
In base 16, what is -15f3 - 55?
-1648
In base 9, what is -1 - 1456?
-1457
In base 5, what is 223034 - 0?
223034
In base 7, what is 4 - -2255031?
2255035
In base 4, what is -223202231 - 2?
-223202233
In base 9, what is 44 - 286?
-242
In base 10, what is 6 - -3125?
3131
In base 10, what is 1313 + 1651?
2964
In base 9, what is -3856745 + -4?
-3856750
In base 14, what is 1d + b3a1?
b3c0
In base 10, what is -2 - 187642?
-187644
In base 4, what is 2 - 3203030?
-3203022
In base 8, what is -234 - 4464?
-4720
In base 8, what is 633 - 141?
472
In base 16, what is 4 - -1a971?
1a975
In base 8, what is -7 + -20544?
-20553
In base 15, what is -205d + -7?
-2065
In base 9, what is 432588 - -1?
432600
In base 4, what is -1133 - 303?
-2102
In base 10, what is 217 + 411?
628
In base 12, what is 1218ab + 8?
1218b7
In base 13, what is -1c70 - 50?
-1cc0
In base 7, what is 610431 + 2?
610433
In base 2, what is 11100001110011100 + 101?
11100001110100001
In base 12, what is -10 - -b39?
b29
In base 2, what is -1000101010011001001110 + -10?
-1000101010011001010000
In base 15, what is -81e + -2a9?
-ac8
In base 12, what is 6b + -885?
-816
In base 15, what is 5 + -5275?
-5270
In base 12, what is -471 - 67?
-518
In base 12, what is 4 + 8135a?
81362
In base 6, what is -130334 - -1015?
-125315
In base 16, what is -f40e - -5?
-f409
In base 12, what is 1369 + 40?
13a9
In base 16, what is 93ad - 3?
93aa
In base 13, what is -2a0 + -6?
-2a6
In base 4, what is 231133120 + 11?
231133131
In base 7, what is 16644 - -462?
20436
In base 13, what is 137c - -35?
13b4
In base 7, what is -5 + -1610011?
-1610016
In base 16, what is -49ba + -6?
-49c0
In base 4, what is -10123132321 + 2?
-10123132313
In base 16, what is d + 36198?
361a5
In base 16, what is 3 - -18281?
18284
In base 15, what is 2 - 29ed?
-29eb
In base 2, what is -100000010001110 - -1100000?
-100000000101110
In base 3, what is 2200 + -202200?
-200000
In base 3, what is -1210 - -100020102?
100011122
In base 10, what is -8 + 2486?
2478
In base 13, what is 57 - 253?
-1c9
In base 6, what is -232323 - 2?
-232325
In base 2, what is 100 - 1010110100100000?
-1010110100011100
In base 11, what is -992a8 + -3?
-99300
In base 8, what is -27 - 531?
-560
In base 11, what is 0 - -1505?
1505
In base 11, what is 5 - 29849?
-29844
In base 2, what is -101111101011111001 + -100?
-101111101011111101
In base 12, what is -6863 + -7?
-686a
In base 9, what is -2227 - -6?
-2221
In base 16, what is -1 - -8db5?
8db4
In base 15, what is -1 + -4a7b5?
-4a7b6
In base 11, what is -1744 + -233?
-1977
In base 10, what is -2 - 47018?
-47020
In base 7, what is 5 - -115165?
115203
In base 5, what is -203312 - 202?
-204014
In base 8, what is -3 - 16022?
-16025
In base 12, what is 4 + -77518?
-77514
In base 3, what is 201121 - -22221122?
100200020
In base 6, what is 212042 - 102?
211540
In base 6, what is 23 - -21111?
21134
In base 10, what is -7132 + -2?
-7134
In base 5, what is -23303 - 21214?
-100022
In base 14, what is -bccc6 - -3?
-bccc3
In base 5, what is -103 - -2433113?
2433010
In base 5, what is 40210224 + -2?
40210222
In base 8, what is -6 - -26150?
26142
In base 11, what is -2 + 781011?
78100a
In base 15, what is a - -4e4?
4ee
In base 14, what is -289 - 33?
-2bc
In base 15, what is -11 + 1e8c?
1e7b
In base 9, what is 508255 + 3?
508258
In base 4, what is 31323122 + 100?
31323222
In base 13, what is c6b4 - 21?
c693
In base 2, what is -10 + -1001111011100000?
-1001111011100010
In base 14, what is -d3 + 15d?
6a
In base 16, what is 2 - -7540?
7542
In base 10, what is -4 + 152458?
152454
In base 11, what is -260 - 131?
-391
In base 5, what is 20 - -323004?
323024
In base 2, what is 100101000111101100011 - 10?
100101000111101100001
In base 3, what is -102 + -201021011?
-201021120
In base 11, what is 286774 + 18?
286791
In base 9, what is 7217 - -42?
7260
In base 5, what is -4022333 - 0?
-4022333
In base 2, what is -1011111 - 101111011101?
-110000111100
In base 8, what is -37 - -2435?
2376
In base 6, what is 10 - 1023204?
-1023154
In base 11, what is 17272 - 5?
17268
In base 11, what is -3 - -1a49?
1a46
In base 6, what is -1145 - 1511?
-3100
In base 13, what is -bc8 - 3?
-bcb
In base 12, what is -24162a - 2?
-241630
In base 7, what is -342343 - -1?
-342342
In base 10, what is -25535 + 0?
-25535
In base 13, what is -ab8 + 10?
-aa8
In base 7, what is -1051246 + 3?
-1051243
In base 12, what is 28 + 232?
25a
In base 5, what is 3 - 224242?
-224234
In base 13, what is 128 - 3a5?
-27a
In base 3, what is 10 - 1021002?
-1020222
In base 15, what is -364aa7 + -1?
-364aa8
In base 13, what is -5 - -7299?
7294
In base 13, what is -22 + -1704?
-1726
In base 10, what is 3 - 353778?
-353775
In base 9, what is -2771 + -3146?
-6027
In base 3, what is 2120 - 1010120?
-1001000
In base 4, what is 32211023 - -11?
32211100
In base 13, what is 6c698c - 3?
6c6989
In base 14, what is 101b2 - -3?
101b5
In base 3, what is 10 + -102102111?
-102102101
In base 11, what is -9 + -2748?
-2756
In base 3, what is -11 - 20120020?
-20120101
In base 5, what is -13322334 + -14?
-13322403
In base 11, what is 609 - 85?
534
In base 10, what is -113 - 880?
-993
In base 7, what is 1521 - -454?
2305
In base 4, what is -23 + 3102011?
3101322
In base 16, what is 5 - -14e8d0?
14e8d5
In base 13, what is 1 + 30a199?
30a19a
In base 9, what is 8542 - -8?
8551
In base 10, what is -10 + 290?
280
In base 6, what is 33351443 - 1?
33351442
In base 2, what is -10110110110 - -10111?
-10110011111
In base 14, what is -20b93 + 6?
-20b8b
In base 15, what is 2 - -5cd6?
5cd8
In base 8, what is -1066 + -40?
-1126
In base 2, what is -101011000101000 - -1110?
-101011000011010
In base 14, what is 63a - -4?
640
In base 12, what is 26 + -2207?
-21a1
In base 8, what is 4 - 1072355?
-1072351
In base 4, what is -31 - -13322322?
13322231
In base 2, what is -10000000000000 - -1101111?
-1111110010001
In base 14, what is 93da + 28?
9424
In base 8, what is 607 + 17460?
20267
In base 2, what is 101111101 - -111000101?
1101000010
In base 13, what is 39 + 651?
68a
In base 7, what is 446436 - -4?
446443
In base 6, what is 120454001 + -5?
120453552
In base 3, what is 22220 - -121212?
221202
In base 14, what is -6 - -1c02?
1bda
In base 9, what is 5270 - -375?
5655
In base 10, what is 5 + 627860?
627865
In base 15, what is -323d4 - -3?
-323d1
In base 5, what is 333041 + 1?
333042
In base 14, what is -35 + -d6?
-12b
In base 12, what is -51 - 58b9?
-594a
In base 4, what is 130122022 + 2?
130122030
In base 12, what is 14 + 14068?
14080
In base 14, what is 1d3 - 7?
1ca
In base 16, what is 2 + 1369?
136b
In base 12, what is -2 + 919bb?
919b9
In base 11, what is -3a24 + -12?
-3a36
In base 12, what is -8 - 2378?
-2384
In base 12, what is 5 + -8a230?
-8a227
In base 11, what is -1070 - -8?
-1063
In base 10, what is -9557 + 2?
-9555
In base 12, what is -27a6a - 0?
-27a6a
In base 6, what is -3 + 255512?
255505
In base 8, what is 403 - 712?
-307
In base 7, what is 34 + 4644?
5011
In base 10, what is -4 - 691138?
-691142
In base 6, what is 105055551 - 1?
105055550
In base 13, what is 2a74c - 9?
2a743
In base 7, what is 401 - 1044?
-343
In base 6, what is -1423 + -43311?
-45134
In base 4, what is -11 + -1220200320?
-1220200331
In base 14, what is 42a4 - -22?
42c6
In base 10, what is -68 - 215?
-283
In base 9, what is -64 + 22302?
22227
In base 11, what is -5 + -5a9?
-603
In base 15, what is 81 - -31b?
39c
In base 8, what is 153 + 2757?
3132
In base 7, what is -10 - 6200?
-6210
In base 11, what is 2 + 5315?
5317
In base 6, what is 1 - 1014143?
